nder when 3934 is divided by 1?
0
Calculate the remainder when 91677 is divided by 49.
47
What is the remainder when 134 is divided by 41?
11
What is the remainder when 14509 is divided by 4834?
7
Calculate the remainder when 230 is divided by 57.
2
What is the remainder when 38163 is divided by 12720?
3
What is the remainder when 34257 is divided by 2632?
41
Calculate the remainder when 2540 is divided by 446.
310
Calculate the remainder when 166179 is divided by 83086.
7
Calculate the remainder when 10555 is divided by 19.
10
Calculate the remainder when 23563 is divided by 656.
603
Calculate the remainder when 3841 is divided by 1908.
25
What is the remainder when 794 is divided by 764?
30
What is the remainder when 7234 is divided by 90?
34
Calculate the remainder when 2932649 is divided by 14.
13
What is the remainder when 90393 is divided by 179?
177
Calculate the remainder when 1518 is divided by 365.
58
What is the remainder when 367 is divided by 320?
47
Calculate the remainder when 356 is divided by 346.
10
What is the remainder when 178090 is divided by 693?
682
Calculate the remainder when 25398 is divided by 18.
0
Calculate the remainder when 58723 is divided by 155.
133
Calculate the remainder when 159039 is divided by 1178.
9
Calculate the remainder when 272961 is divided by 516.
513
What is the remainder when 979711 is divided by 33783?
4
Calculate the remainder when 14080 is divided by 782.
4
Calculate the remainder when 39210 is divided by 1395.
150
What is the remainder when 44258 is divided by 22117?
24
Calculate the remainder when 6422 is divided by 238.
234
What is the remainder when 181789 is divided by 598?
595
Calculate the remainder when 237632 is divided by 3008.
0
Calculate the remainder when 613997 is divided by 6079.
18
What is the remainder when 3354 is divided by 125?
104
Calculate the remainder when 4970 is divided by 102.
74
What is the remainder when 9067158 is divided by 122?
118
What is the remainder when 324809 is divided by 206?
153
Calculate the remainder when 27071 is divided by 6670.
391
Calculate the remainder when 1147 is divided by 381.
4
Calculate the remainder when 26361 is divided by 87.
0
Calculate the remainder when 4614 is divided by 141.
102
Calculate the remainder when 1278 is divided by 16.
14
Calculate the remainder when 24168 is divided by 60.
48
Calculate the remainder when 64497 is divided by 44.
37
What is the remainder when 234599 is divided by 4?
3
Calculate the remainder when 2051 is divided by 288.
35
What is the remainder when 4220 is divided by 1126?
842
Calculate the remainder when 5293 is divided by 1321.
9
Calculate the remainder when 1426 is divided by 949.
477
Calculate the remainder when 139751 is divided by 2254.
3
Calculate the remainder when 539397 is divided by 725.
722
What is the remainder when 3369 is divided by 546?
93
Calculate the remainder when 564431 is divided by 442.
439
Calculate the remainder when 2314 is divided by 8.
2
What is the remainder when 501861 is divided by 55762?
3
What is the remainder when 43888 is divided by 77?
75
What is the remainder when 11898 is divided by 22?
18
What is the remainder when 20319 is divided by 10132?
55
What is the remainder when 13247 is divided by 214?
193
Calculate the remainder when 194453 is divided by 64803.
44
What is the remainder when 532425 is divided by 78?
75
What is the remainder when 23605 is divided by 2?
1
What is the remainder when 73398 is divided by 91?
52
Calculate the remainder when 5632 is divided by 131.
130
What is the remainder when 2629 is divided by 46?
7
What is the remainder when 19557 is divided by 20?
17
What is the remainder when 1022 is divided by 92?
10
Calculate the remainder when 72659 is divided by 23.
2
What is the remainder when 11280 is divided by 41?
5
What is the remainder when 22784 is divided by 36?
32
Calculate the remainder when 3115 is divided by 491.
169
What is the remainder when 9869 is divided by 88?
13
Calculate the remainder when 2865 is divided by 698.
73
What is the remainder when 9746 is divided by 54?
26
What is the remainder when 25747 is divided by 8556?
79
What is the remainder when 24066 is divided by 221?
198
What is the remainder when 6420 is divided by 26?
24
What is the remainder when 1351 is divided by 371?
238
Calculate the remainder when 774920 is divided by 38.
24
What is the remainder when 11941 is divided by 796?
1
What is the remainder when 71930 is divided by 391?
377
Calculate the remainder when 19341 is divided by 886.
735
What is the remainder when 745102 is divided by 344?
342
Calculate the remainder when 17310 is divided by 44.
18
Calculate the remainder when 31073 is divided by 275.
273
Calculate the remainder when 125934 is divided by 62966.
2
Calculate the remainder when 4032 is divided by 1992.
48
What is the remainder when 6148 is divided by 558?
10
What is the remainder when 4847 is divided by 12?
11
Calculate the remainder when 27911 is divided by 457.
34
What is the remainder when 106572 is divided by 26622?
84
Calculate the remainder when 44090 is divided by 114.
86
Calculate the remainder when 395128 is divided by 33.
19
What is the remainder when 13679 is divided by 803?
28
What is the remainder when 130435 is divided by 577?
33
Calculate the remainder when 21203 is divided by 9.
8
What is the remainder when 6046 is divided by 864?
862
What is the remainder when 3806 is divided by 42?
26
Calculate the remainder when 22887 is divided by 7628.
3
Calculate the remainder when 8407 is divided by 74.
45
What is the remainder when 103312 is divided by 5739?
10
What is the remainder when 3120 is divided by 1950?
1170
Calculate the remainder when 23649 is divided by 2.
1
Calculate the remainder when 1938 is divided by 468.
66
Calculate the remainder when 65402 is divided by 9343.
1
Calculate the remainder when 47256 is divided by 18.
6
What is the remainder when 5881 is divided by 358?
153
Calculate the remainder when 12613 is divided by 4092.
337
Calculate the remainder when 340347 is divided by 1314.
21
What is the remainder when 75828 is divided by 381?
9
What is the remainder when 1464 is divided by 731?
2
Calculate the remainder when 188645 is divided by 5716.
17
What is the remainder when 227888 is divided by 241?
143
Calculate the remainder when 9467 is divided by 1570.
47
Calculate the remainder when 472 is divided by 107.
44
Calculate the remainder when 105560 is divided by 21.
14
Calculate the remainder when 1750 is divided by 875.
0
What is the remainder when 230857 is divided by 485?
482
Calculate the remainder when 7592 is divided by 2147.
1151
Calculate the remainder when 299372 is divided by 6.
2
Calculate the remainder when 371 is divided by 131.
109
What is the remainder when 2011855 is divided by 368?
367
What is the remainder when 707318 is divided by 154?
150
Calculate the remainder when 572270 is divided by 46.
30
What is the remainder when 29112 is divided by 939?
3
What is the remainder when 5820 is divided by 1121?
215
What is the remainder when 11874 is divided by 1002?
852
Calculate the remainder when 43090 is divided by 50.
40
Calculate the remainder when 6243 is divided by 1875.
618
What is the remainder when 32008 is divided by 92?
84
Calculate the remainder when 3076 is divided by 119.
101
Calculate the remainder when 50624 is divided by 261.
251
What is the remainder when 1424 is divided by 219?
110
Calculate the remainder when 1014463 is divided by 19.
15
Calculate the remainder when 25370 is divided by 285.
5
What is the remainder when 5687 is divided by 2798?
91
Calculate the remainder when 13097 is divided by 3009.
1061
Calculate the remainder when 9141 is divided by 43.
25
Calculate the remainder when 3492 is divided by 3159.
333
Calculate the remainder when 274944 is divided by 45.
39
What is the remainder when 16203 is divided by 1233?
174
What is the remainder when 7539 is divided by 29?
28
What is the remainder when 7432 is divided by 571?
9
Calculate the remainder when 27676 is divided by 9224.
4
Calculate the remainder when 1190 is divided by 81.
56
Calculate the remainder when 85227 is divided by 2435.
2
What is the remainder when 26571 is divided by 32?
11
What is the remainder when 181352 is div